f q(s)?
2, 7
Let n(c) = c**2 + 5*c - 7. Let l be n(-5). Let s be ((-4)/5)/(l/(-35)). Let w = s + 6. List the prime factors of w.
2
Let z(f) = f**2 - f - 16. What are the prime factors of z(7)?
2, 13
Let t = 15 - 12. Suppose 172 = t*j + 49. What are the prime factors of j?
41
Suppose 0 = -5*g + 2*a + 395, g + a + 76 = 2*g. List the prime factors of g.
3
Suppose 2 = -g - 1. List the prime factors of 27 + g - 2 - 0.
2, 11
Suppose -3*r + 723 = 27. List the prime factors of r.
2, 29
Suppose -3*w + 2*w + 3 = 2*m, 0 = -5*m - 4*w + 6. Suppose v = s, 3*s - 4*v + 3 = -m. List the prime factors of s.
5
Suppose -6*l = -3*l - 177. Suppose 4*h + l = 3*t, t + 3*t - 2*h = 72. List the prime factors of t.
17
Let k(h) = 15*h**2 + h - 1. Let j(i) = i**2 + 7*i - 7. Let b be j(-8). List the prime factors of k(b).
3, 5
Suppose -317 - 283 = -3*p. List the prime factors of p.
2, 5
Let a(h) = -h**3 + 3*h**2 + 2. Let c be a(3). Let l = -10 + 18. Let p = l - c. List the prime factors of p.
2, 3
Suppose 3 = -t - 5. Let h = -3 - t. What are the prime factors of h?
5
Let d be (-6)/(-14) - (-12)/21. What are the prime factors of (-1)/(-2)*(d + 23)?
2, 3
Let u(o) = -o**2 + 15*o + 9. What are the prime factors of u(10)?
59
Let x(a) = -5*a + 3. Let y(n) = 16*n - 10. Let z(l) = 10*x(l) + 3*y(l). List the prime factors of z(-3).
2, 3
Let s(z) = z**3 + 13*z**2 + 13*z - 4. List the prime factors of s(-6).
2, 5, 17
Let z(m) = -4*m**2 + 2*m. Let k be z(2). Let h(r) = r**2 + 12*r + 10. List the prime factors of h(k).
2, 5
Suppose 3*l = -3*l + 126. List the prime factors of l.
3, 7
Suppose -2*o + 3*d = -2 - 10, 0 = 4*d + 16. Suppose o = 2*a + a + 6. Let l(s) = -6*s - 3. What are the prime factors of l(a)?
3
Let r(f) = f**3 - 2*f**2 - 2*f - 3. Let p be r(3). Suppose -g - 17 + p = 0. Let t = 32 + g. What are the prime factors of t?
3, 5
Let h(z) = 3*z**3 + z + 2. What are the prime factors of h(2)?
2, 7
Let k = -4 + 7. Let g(y) = 4*y**2 - 2*y - 1. List the prime factors of g(k).
29
Suppose 3*i = -3*p + 72, -3*i - 7*p + 80 = -2*p. What are the prime factors of i?
2, 5
Suppose 4*j = -17 + 89. Let o be j/27 + 464/6. Suppose -x + o = 5*v, 5*v - 4*x - 104 + 16 = 0. List the prime factors of v.
2
Let f = -34 + 81. What are the prime factors of f?
47
Suppose 2*k = -2*s + 4*k, 12 = 3*s + k. Suppose s*m = 4*m. What are the prime factors of (-1)/(m - (-3)/(-27))?
3
Let h(z) = 2*z**2 + 5*z - 3. Let v be h(-5). Suppose 4*y - v = -3*l, 0 = 5*y + 5*l - 23 - 2. List the prime factors of y.
7
Let z(a) = a**2 - 6*a + 1. Let c be z(5). Let j be 1 + 1 + (c - -4). Suppose b - 3*y + 2*y - 5 = 0, -j*y + 20 = b. List the prime factors of b.
2, 5
Let u(d) = d**2 + 3*d + 5. Let s be (-11)/3 + 2/(-6). What are the prime factors of u(s)?
3
Suppose -5*p - 4 = -19, 5*y = p + 1067. List the prime factors of y.
2, 107
Let g(o) = 2*o - 4. Let n be g(3). Let p = 13 - n. List the prime factors of p.
11
Let h = 180 + -90. What are the prime factors of (-4)/((-3)/(h/4))?
2, 3, 5
Let g be -15*(0 - 18/15). Suppose 3*z - 5*v = 102, -3*z = -v - 72 - g. What are the prime factors of z?
29
Let n(j) = -j**3 - j**2 + 5. Let o be n(0). Suppose o*r - 52 = -5*w + 2*r, -4*w + 52 = 5*r. What are the prime factors of w?
2
Suppose 0*f - 4*f + 40 = 0. What are the prime factors of (-4)/f + (-37)/(-5)?
7
Let b = -60 - -108. What are the prime factors of b?
2, 3
Suppose 4*i - 4*c - 560 = 0, 170 + 225 = 3*i + 2*c. What are the prime factors of (-1)/(-2) + i/6?
23
Let y(v) = v**3 + 4*v**2 + 3*v + 4. Let o be y(-3). Suppose 0*s = s - o. What are the prime factors of s?
2
Let w(s) be the second derivative of 7*s**5/4 - s**4/12 - s**3/6 + s**2/2 + 6*s. What are the prime factors of w(1)?
2, 17
Let t be 4*(-4 + (-9)/(-3)). List the prime factors of (-9)/t + 3/4.
3
Let z = 2 - 14. Let u = 7 + z. List the prime factors of 54/15 + (-2)/u.
2
Let n(f) = -f**2 + 6*f - 3. Let g be n(3). Let i = g - 3. Suppose i*x = 5*r + 63, 3*x - r - 21 = 2*x. What are the prime factors of x?
3, 7
Suppose -29 = 3*l + 4. Let h be (-54)/4*(-4)/3. Let o = l + h. List the prime factors of o.
7
Suppose 0 = 3*l - 35 - 28. Suppose 0*j + l = -5*j + d, 4*j - d = -16. Let z(q) = q**2 + 4*q - 2. List the prime factors of z(j).
3
Let u = -114 - -163. Let g = u - 27. List the prime factors of g.
2, 11
Let g = -3 - -7. List the prime factors of g.
2
Suppose 0 = 2*z + 3*a - 12 - 2, 4*z + 5*a = 26. Suppose -z = -i - 0*i. Let g = -1 + i. List the prime factors of g.
3
Let h(r) = r**2 - 3*r - 7. Let x be h(5). Suppose -140 = -x*t - t. What are the prime factors of t?
5, 7
List the prime factors of -1*(1 - -1) - -38.
2, 3
Let f(o) be the first derivative of o**3/6 + 2*o**2 - 3*o - 3. Let z(i) be the first derivative of f(i). List the prime factors of z(4).
2
Let t be (-261)/(-15) + (-12)/30. Suppose -27 = -4*j + t. What are the prime factors of j?
11
What are the prime factors of 42 - 12/((-20)/(-5))?
3, 13
Suppose 0 = -2*w + 9 + 7. What are the prime factors of w?
2
Let x = 75 - -9. Suppose 0*v - 2*v = -x. List the prime factors of v.
2, 3, 7
Let s = -83 - -132. What are the prime factors of s?
7
Suppose -2*k - 4*g = 22, 18 = -k - 2*k - 3*g. What are the prime factors of ((-4)/(-28) + k)*-7?
2, 3
What are the prime factors of (3/3 + -2)*-31?
31
Let b = -237 - -337. Suppose -b = 5*g - 9*g. What are the prime factors of g?
5
Let z(l) = l - 1. Let g(q) = q. Let n(j) = -3*g(j) + 2*z(j). Let y be n(-2). Let v(k) = -k**3 + k**2 + k + 5. List the prime factors of v(y).
5
Suppose -8*a + 52 = -4*a. What are the prime factors of a?
13
Suppose -d + 1 + 1 = 0. Suppose 3*u = -2*n - d + 1, 0 = -2*n - 4*u - 6. What are the prime factors of n?
7
Let v be (2/(-6))/(2/(-30)). Suppose -4*g + v*n + 6 + 37 = 0, -n + 90 = 5*g. List the prime factors of g.
17
Let l be ((-126)/15)/((-1)/5). Suppose -3*c + l = f, -2*f + 36 = 3*c - 3*f. List the prime factors of c.
13
Let x(n) = 14*n + 3. Let h(j) = -5*j - 1. Let s(z) = -17*h(z) - 6*x(z). Let y(d) = d**3 + 8*d**2 + 5. Let g be y(-8). List the prime factors of s(g).
2
Let z(s) = s**3 - 9*s**2 - 9*s - 7. Let w be z(10). Suppose 0*o - w*o = -5*h - 63, 15 = -5*h. What are the prime factors of o?
2
Let x = 29 + -9. What are the prime factors of x?
2, 5
Let x = 11 + -8. Suppose j - 4 = 0, x*a - 4 = 4*j + j. List the prime factors of a.
2
Let h(s) = -s**3 - 2*s**2 + 2*s + 3. Let k be h(3). List the prime factors of 7/((-21)/k) - -1.
13
Suppose -b + 4*j - 24 = -3, -j + 21 = -2*b. Let m = b + 21. List the prime factors of m.
2, 3
Suppose 0*w + w + 3*l = 8, -3*w = 3*l - 24. Suppose -d + 12 = 5*o - 1, -o - 2*d + w = 0. What are the prime factors of 0/o + 7 + 0?
7
Let y(i) be the second derivative of -1/6*i**3 - 2*i + 0 + 6*i**2. List the prime factors of y(10).
2
Suppose -5*n + 886 = 241. What are the prime factors of n?
3, 43
Let a(m) = 9*m + 21. Let p(j) = 4*j + 10. Let l(t) = 3*a(t) - 7*p(t). Let o be l(0). List the prime factors of (o/4)/((-1)/4).
7
Let l be (-4 + 5)/((-2)/6). Let z(x) = -2*x**2 - 3*x. Let p be z(l). Let s = p + 24. List the prime factors of s.
3, 5
Let p = 6 - 1. Suppose -4 = 4*s + 5*a + 56, -p*s - a = 75. Let c = s + 26. What are the prime factors of c?
11
Suppose -3*c = -2*c. Suppose c = -0*s - s. Suppose 6*m - m - 85 = s. What are the prime factors of m?
17
Let n be 6 + 1 + (-2 - 0). Suppose 0 = r - 1, -2*p - p - n*r = -14. List the prime factors of p.
3
Let w(m) = -11*m - 21. List the prime factors of w(-8).
67
Suppose 2*r - 4*g - 58 = 0, 4*r - 134 = 5*g - 30. Let z = 48 - r. List the prime factors of z.
3
Let l = -6 + 53. What are the prime factors of l?
47
Suppose -x - 24 = 2*x. Let q = 7 - x. What are the prime factors of q?
3, 5
Suppose 5*b - 300 - 790 = -3*v, 4*b + 5*v - 885 = 0. What are the prime factors of b?
5, 43
Let z = 21 - -5. Suppose l - 9 = k, -5*k + 1 = z. What are the prime factors of ((-2)/4)/(l/(-88))?
11
Suppose 14 = 2*r - 18. Let q(s) = 2*s - 12. List the prime factors of q(r).
2, 5
Suppose -2*s = 3*s - 80. What are the prime factors of s?
2
Suppose 3*c - 18 = 9. Suppose -c = -4*z - 37. Let v = 12 + z. List the prime factors of v.
5
Let b(i) = 3*i - 2. Let r be b(2). Let h be r/18 + (-34)/(-9). Suppose -3*a = -5*g + 52, 0 = -h*g - a + 27 + 1. List the prime factors of g.
2
Suppose -w = 4*p - 13, -4*w + p + 1 = -17. Let l